{"id":159,"date":"2023-06-10T22:09:05","date_gmt":"2023-06-10T22:09:05","guid":{"rendered":"http:\/\/www.bodegonalejandro.com\/revivre-lhistoire\/"},"modified":"2024-07-15T08:18:36","modified_gmt":"2024-07-15T08:18:36","slug":"revivre-lhistoire","status":"publish","type":"page","link":"https:\/\/www.bodegonalejandro.com\/fr\/revivre-lhistoire\/","title":{"rendered":"Revivre l&rsquo;histoire"},"content":{"rendered":"<p>Une vieille assiette, charg\u00e9e d&rsquo;une curieuse histoire, nous rappelle ce qu&rsquo;elle a \u00e9t\u00e9 et ce qu&rsquo;elle est devenue, gr\u00e2ce \u00e0 sa capacit\u00e9 \u00e0 surmonter l&rsquo;adversit\u00e9. .<\/p>\n<p>Cr\u00e9\u00e9e dans les ann\u00e9es 1820 par un militaire britannique n\u00e9 \u00e0 Gibraltar, Thomas Staunton St Clair, \u00e0 une \u00e9poque o\u00f9 Saint-S\u00e9bastien subissait les assauts de la guerre et du feu, cette \u0153uvre refl\u00e8te parfaitement la personnalit\u00e9 strat\u00e9gique de la ville.<\/p>\n<p><!--more--><\/p>\n<p>L&rsquo;un des \u00e9pisodes les plus d\u00e9vastateurs eut lieu le 31 ao\u00fbt 1813, lorsque Saint-S\u00e9bastien fut ras\u00e9e par les troupes anglo-portugaises apr\u00e8s avoir vaincu les troupes fran\u00e7aises fortifi\u00e9es sur le mont Urgull. Un terrible incendie que les habitants de Saint-S\u00e9bastien comm\u00e9morent encore tous les 31 ao\u00fbt, une nuit magique o\u00f9 la rue embl\u00e9matique du 31 ao\u00fbt, dans la vieille ville de Saint-S\u00e9bastien, n&rsquo;est \u00e9clair\u00e9e que par les bougies des habitants du quartier.<\/p>\n<p>Au fur et \u00e0 mesure que la ville grandissait, faisait face \u00e0 des changements sociaux et \u00e9conomiques et tentait d&rsquo;apprendre de ses erreurs, l&rsquo;aquarelle a chang\u00e9 de propri\u00e9taire, jusqu&rsquo;\u00e0 ce que le conseil provincial de Guip\u00fazcoa l&rsquo;ach\u00e8te \u00e0 Londres en 1998. Aujourd&rsquo;hui, cette \u0153uvre est conserv\u00e9e au <a href=\"https:\/\/www.zumalakarregimuseoa.eus\/fr\" target=\"_blank\" rel=\"noopener\">Mus\u00e9e Zumalakarregi<\/a> d&rsquo;Ormaiztegi.<\/p>\n<p>Un simple coup d&rsquo;\u0153il au panorama r\u00e9v\u00e8le l&rsquo;\u00e9norme changement qu&rsquo;a subi la ville au cours des derniers si\u00e8cles. Mais l&rsquo;essence cosmopolite de Donostia reste dans son caract\u00e8re, une Donostia habitu\u00e9e \u00e0 recevoir et \u00e0 accueillir, \u00e0 sortir plus forte de l&rsquo;adversit\u00e9 et \u00e0 tirer le meilleur parti de son environnement naturel. Une ville attach\u00e9e \u00e0 la mer et \u00e0 la montagne, mais ouverte sur le monde.<\/p>\n","protected":false},"excerpt":{"rendered":"<p>Une vieille assiette, charg\u00e9e d&rsquo;une curieuse histoire, nous rappelle ce qu&rsquo;elle a \u00e9t\u00e9 et ce qu&rsquo;elle est devenue, gr\u00e2ce \u00e0 sa capacit\u00e9 \u00e0 surmonter l&rsquo;adversit\u00e9. . Cr\u00e9\u00e9e dans les ann\u00e9es 1820 par un militaire britannique n\u00e9 \u00e0 Gibraltar, Thomas Staunton St Clair, \u00e0 une \u00e9poque o\u00f9 Saint-S\u00e9bastien subissait les assauts de la guerre et du [&hellip;]<\/p>\n","protected":false},"author":2,"featured_media":125,"parent":0,"menu_order":0,"comment_status":"closed","ping_status":"closed","template":"page-etg-imagen-arriba.php","meta":{"_acf_changed":false,"footnotes":""},"class_list":["post-159","page","type-page","status-publish","has-post-thumbnail","hentry"],"acf":[],"_links":{"self":[{"href":"https:\/\/www.bodegonalejandro.com\/fr\/wp-json\/wp\/v2\/pages\/159","targetHints":{"allow":["GET"]}}],"collection":[{"href":"https:\/\/www.bodegonalejandro.com\/fr\/wp-json\/wp\/v2\/pages"}],"about":[{"href":"https:\/\/www.bodegonalejandro.com\/fr\/wp-json\/wp\/v2\/types\/page"}],"author":[{"embeddable":true,"href":"https:\/\/www.bodegonalejandro.com\/fr\/wp-json\/wp\/v2\/users\/2"}],"replies":[{"embeddable":true,"href":"https:\/\/www.bodegonalejandro.com\/fr\/wp-json\/wp\/v2\/comments?post=159"}],"version-history":[{"count":2,"href":"https:\/\/www.bodegonalejandro.com\/fr\/wp-json\/wp\/v2\/pages\/159\/revisions"}],"predecessor-version":[{"id":461,"href":"https:\/\/www.bodegonalejandro.com\/fr\/wp-json\/wp\/v2\/pages\/159\/revisions\/461"}],"wp:featuredmedia":[{"embeddable":true,"href":"https:\/\/www.bodegonalejandro.com\/fr\/wp-json\/wp\/v2\/media\/125"}],"wp:attachment":[{"href":"https:\/\/www.bodegonalejandro.com\/fr\/wp-json\/wp\/v2\/media?parent=159"}],"curies":[{"name":"wp","href":"https:\/\/api.w.org\/{rel}","templated":true}]}}

<p>Une vieille assiette, chargée d&rsquo;une curieuse histoire, nous rappelle ce qu&rsquo;elle a été et ce qu&rsquo;elle est devenue, grâce à sa capacité à surmonter l&rsquo;adversité. .</p>
<p>Créée dans les années 1820 par un militaire britannique né à Gibraltar, Thomas Staunton St Clair, à une époque où Saint-Sébastien subissait les assauts de la guerre et du feu, cette œuvre reflète parfaitement la personnalité stratégique de la ville.</p>
<p><!--more--></p>
<p>L&rsquo;un des épisodes les plus dévastateurs eut lieu le 31 août 1813, lorsque Saint-Sébastien fut rasée par les troupes anglo-portugaises après avoir vaincu les troupes françaises fortifiées sur le mont Urgull. Un terrible incendie que les habitants de Saint-Sébastien commémorent encore tous les 31 août, une nuit magique où la rue emblématique du 31 août, dans la vieille ville de Saint-Sébastien, n&rsquo;est éclairée que par les bougies des habitants du quartier.</p>
<p>Au fur et à mesure que la ville grandissait, faisait face à des changements sociaux et économiques et tentait d&rsquo;apprendre de ses erreurs, l&rsquo;aquarelle a changé de propriétaire, jusqu&rsquo;à ce que le conseil provincial de Guipúzcoa l&rsquo;achète à Londres en 1998. Aujourd&rsquo;hui, cette œuvre est conservée au <a href="https://www.zumalakarregimuseoa.eus/fr" target="_blank" rel="noopener">Musée Zumalakarregi</a> d&rsquo;Ormaiztegi.</p>
<p>Un simple coup d&rsquo;œil au panorama révèle l&rsquo;énorme changement qu&rsquo;a subi la ville au cours des derniers siècles. Mais l&rsquo;essence cosmopolite de Donostia reste dans son caractère, une Donostia habituée à recevoir et à accueillir, à sortir plus forte de l&rsquo;adversité et à tirer le meilleur parti de son environnement naturel. Une ville attachée à la mer et à la montagne, mais ouverte sur le monde.</p>

<p>Une vieille assiette, chargée d&rsquo;une curieuse histoire, nous rappelle ce qu&rsquo;elle a été et ce qu&rsquo;elle est devenue, grâce à sa capacité à surmonter l&rsquo;adversité. . Créée dans les années 1820 par un militaire britannique né à Gibraltar, Thomas Staunton St Clair, à une époque où Saint-Sébastien subissait les assauts de la guerre et du [&hellip;]</p>
